st common factor of 371885 and 125.
5
What is the greatest common divisor of 213 and 17253?
213
What is the highest common factor of 7014 and 19194?
42
Calculate the greatest common divisor of 360 and 45675.
45
What is the highest common divisor of 132 and 13618?
22
What is the greatest common divisor of 765 and 133195?
85
What is the greatest common divisor of 16 and 16080?
16
Calculate the greatest common divisor of 17688 and 792.
264
Calculate the greatest common divisor of 39124 and 548.
4
What is the highest common divisor of 22 and 206723?
11
What is the greatest common factor of 1272 and 50350?
106
What is the highest common factor of 465 and 116805?
15
Calculate the greatest common factor of 423 and 901977.
141
Calculate the greatest common divisor of 1421 and 189.
7
What is the highest common divisor of 7 and 87409?
7
Calculate the highest common divisor of 1341918 and 18.
18
What is the highest common divisor of 8795014 and 659?
659
Calculate the highest common divisor of 799 and 34.
17
Calculate the highest common divisor of 21 and 5028.
3
What is the greatest common factor of 356 and 448204?
356
What is the greatest common factor of 575421 and 20727?
987
What is the highest common divisor of 28 and 28760?
4
Calculate the greatest common factor of 15708 and 2387.
77
Calculate the highest common factor of 5628 and 20435.
67
Calculate the highest common divisor of 328 and 1701992.
328
What is the greatest common factor of 538586 and 106?
106
What is the highest common divisor of 62198 and 685?
137
What is the greatest common factor of 112355 and 230?
115
Calculate the highest common factor of 158994 and 484.
242
Calculate the greatest common divisor of 93 and 1333.
31
Calculate the highest common divisor of 34219 and 551.
19
Calculate the greatest common factor of 1080 and 1010.
10
Calculate the greatest common divisor of 4212 and 194724.
324
Calculate the greatest common divisor of 76330 and 34.
34
Calculate the greatest common factor of 3312 and 103824.
144
Calculate the highest common divisor of 2568 and 99831.
321
Calculate the highest common factor of 25228 and 612.
68
Calculate the highest common divisor of 870180 and 15.
15
Calculate the highest common factor of 110 and 215.
5
What is the greatest common divisor of 4612 and 172?
4
What is the highest common factor of 1988 and 25276?
284
What is the greatest common factor of 27173 and 544397?
937
Calculate the greatest common factor of 153 and 93109.
17
What is the greatest common divisor of 173553 and 17?
17
What is the greatest common divisor of 3800 and 5000?
200
What is the highest common factor of 83571 and 267?
267
Calculate the greatest common factor of 4140 and 35280.
180
Calculate the highest common divisor of 524 and 8122.
262
What is the highest common divisor of 8090 and 120?
10
What is the greatest common factor of 91 and 1586?
13
Calculate the greatest common divisor of 24 and 159288.
24
What is the highest common factor of 1461346 and 1576?
394
Calculate the greatest common factor of 14100 and 31678.
94
What is the highest common divisor of 2 and 3676?
2
Calculate the greatest common factor of 4 and 1252.
4
What is the greatest common divisor of 92988 and 28?
28
What is the highest common factor of 15 and 3035?
5
What is the highest common divisor of 87 and 87?
87
What is the greatest common divisor of 90467 and 1963?
13
Calculate the greatest common divisor of 432 and 10832.
16
Calculate the highest common factor of 26479 and 1.
1
What is the greatest common factor of 104095 and 573?
191
What is the highest common divisor of 2 and 156878?
2
What is the highest common divisor of 20 and 2492380?
20
Calculate the highest common divisor of 430179 and 627.
57
What is the highest common factor of 76 and 809932?
76
Calculate the greatest common divisor of 17490 and 2.
2
What is the greatest common factor of 728 and 30492?
28
What is the greatest common divisor of 200 and 422500?
100
Calculate the greatest common divisor of 208871 and 117.
13
Calculate the greatest common divisor of 217 and 1666.
7
What is the greatest common factor of 98591 and 19?
19
Calculate the greatest common factor of 14264 and 1976.
8
Calculate the highest common factor of 3679 and 9339.
283
Calculate the greatest common factor of 2331 and 16576.
259
Calculate the greatest common divisor of 418 and 206112.
38
What is the greatest common factor of 258 and 226653?
129
Calculate the greatest common divisor of 4365 and 45.
45
What is the highest common divisor of 53103 and 186?
93
Calculate the greatest common factor of 201693 and 3.
3
What is the greatest common divisor of 760 and 4750?
190
Calculate the highest common divisor of 4474552 and 16.
8
What is the greatest common divisor of 2706 and 8470?
22
What is the highest common divisor of 3120 and 205140?
780
Calculate the greatest common factor of 374031 and 378.
189
What is the highest common factor of 29668 and 28?
4
Calculate the highest common factor of 272 and 901510.
34
Calculate the highest common divisor of 1443 and 22607.
481
Calculate the highest common divisor of 329 and 6425699.
329
What is the highest common divisor of 490 and 5026665?
245
What is the highest common factor of 792 and 407682?
198
What is the greatest common divisor of 76789 and 34?
17
What is the highest common divisor of 15 and 2397360?
15
What is the greatest common factor of 110 and 2300485?
55
What is the greatest common factor of 1163140 and 572?
44
Calculate the highest common divisor of 153 and 3264.
51
Calculate the greatest common divisor of 376 and 88.
8
Calculate the greatest common divisor of 2772 and 452298.
462
What is the greatest common factor of 3280 and 7240?
40
Calculate the greatest common divisor of 24986 and 21762.
806
Calculate the greatest common factor of 123 and 4838.
41
What is the greatest common divisor of 6527 and 122?
61
Calculate the highest common factor of 578 and 694.
2
What is the highest common divisor of 2231 and 1357?
23
Calculate the greatest common factor of 261 and 20967.
87
What is the highest common divisor of 19851 and 1288788?
1527
Calculate the highest common factor of 2210 and 45.
5
What is the highest common factor of 3591 and 50008?
133
What is the highest common divisor of 112482 and 216?
54
Calculate the highest common divisor of 27907 and 517.
11
What is the highest common factor of 289 and 5423?
17
What is the highest common divisor of 124712 and 272?
136
Calculate the greatest common factor of 702 and 90948.
78
What is the highest common factor of 967689 and 171?
171
Calculate the highest common factor of 2809 and 2491.
53
Calculate the greatest common divisor of 2 and 459518.
2
Calculate the greatest common divisor of 382584 and 912.
456
Calculate the greatest common divisor of 502 and 2259.
251
What is the greatest common factor of 143 and 5819?
11
What is the greatest common factor of 4237641 and 9?
9
What is the greatest common factor of 46 and 111182?
46
Calculate the highest common divisor of 1343 and 11455.
79
What is the highest common divisor of 53 and 70331?
53
What is the greatest common divisor of 584826 and 99?
33
What is the greatest common divisor of 125350 and 50?
50
Calculate the highest common divisor of 19116 and 276.
12
What is the highest common factor of 1135008 and 14112?
2016
Calculate the highest common factor of 42376 and 8.
8
What is the greatest common divisor of 312 and 27?
3
What is the highest common factor of 107772 and 63?
21
Calculate the greatest common factor of 7044 and 192.
12
What is the highest common divisor of 221 and 30617?
17
Calculate the highest common divisor of 1219 and 583.
53
What is the highest common divisor of 50 and 113350?
50
Calculate the greatest common divisor of 2541744 and 9290.
1858
Calculate the greatest common divisor of 4461809 and 172.
43
What is the greatest common divisor of 4943 and 3?
1
What is the highest common factor of 52 and 3933332?
52
Calculate the highest common divisor of 1705659 and 3054.
1527
What is the highest common divisor of 5211 and 129?
3
Calculate the highest common factor of 31169 and 21371.
71
What is the greatest common factor of 103641 and 1432?
179
What is the highest common divisor of 26629 and 1?
1
What is the highe